{"id":34,"date":"2024-09-16T09:39:23","date_gmt":"2024-09-16T09:39:23","guid":{"rendered":"https:\/\/klub.motobajka.pl\/index.php\/home\/"},"modified":"2024-10-17T16:40:25","modified_gmt":"2024-10-17T16:40:25","slug":"home","status":"publish","type":"page","link":"https:\/\/klub.motobajka.pl\/","title":{"rendered":"Home"},"content":{"rendered":"\t\t<div data-elementor-type=\"wp-page\" data-elementor-id=\"34\" class=\"elementor elementor-34\">\n\t\t\t\t<div class=\"elementor-element elementor-element-d5cfde3 e-flex e-con-boxed e-con e-parent\" data-id=\"d5cfde3\" data-element_type=\"container\" data-settings=\"{&quot;background_background&quot;:&quot;classic&quot;}\">\n\t\t\t\t\t<div class=\"e-con-inner\">\n\t\t\t\t<div class=\"elementor-element elementor-element-3ecd55be elementor-invisible elementor-widget elementor-widget-heading\" data-id=\"3ecd55be\" data-element_type=\"widget\" data-settings=\"{&quot;_animation&quot;:&quot;fadeIn&quot;}\" data-widget_type=\"heading.default\">\n\t\t\t\t<div class=\"elementor-widget-container\">\n\t\t\t<h1 class=\"elementor-heading-title elementor-size-default\">OKAZJE MOTOBAJKI<\/h1>\t\t<\/div>\n\t\t\t\t<\/div>\n\t\t\t\t<div class=\"elementor-element elementor-element-32b3f1bc elementor-invisible elementor-widget elementor-widget-heading\" data-id=\"32b3f1bc\" data-element_type=\"widget\" data-settings=\"{&quot;_animation&quot;:&quot;fadeIn&quot;}\" data-widget_type=\"heading.default\">\n\t\t\t\t<div class=\"elementor-widget-container\">\n\t\t\t<h5 class=\"elementor-heading-title elementor-size-default\">Doceniamy, \u017ce skorzysta\u0142e\u015b z naszej oferty.\n Mo\u017cesz teraz kupi\u0107 w ci\u0105gu 7 dni od zakupu te produkty w niesamowicie niskich cenach z kodem zni\u017ckowym znajduj\u0105cym si\u0119 na ulotce<\/h5>\t\t<\/div>\n\t\t\t\t<\/div>\n\t\t\t\t<div class=\"elementor-element elementor-element-2a921c06 elementor-align-center elementor-invisible elementor-widget elementor-widget-button\" data-id=\"2a921c06\" data-element_type=\"widget\" data-settings=\"{&quot;_animation&quot;:&quot;fadeIn&quot;,&quot;_animation_delay&quot;:400}\" data-widget_type=\"button.default\">\n\t\t\t\t<div class=\"elementor-widget-container\">\n\t\t\t\t\t<div class=\"elementor-button-wrapper\">\n\t\t\t<a class=\"elementor-button elementor-button-link elementor-size-sm elementor-animation-grow\" href=\"https:\/\/motobajka.pl\/pl\/\" target=\"_blank\">\n\t\t\t\t\t\t<span class=\"elementor-button-content-wrapper\">\n\t\t\t\t\t\t\t\t\t<span class=\"elementor-button-text\">SKLEP<\/span>\n\t\t\t\t\t<\/span>\n\t\t\t\t\t<\/a>\n\t\t<\/div>\n\t\t\t\t<\/div>\n\t\t\t\t<\/div>\n\t\t\t\t\t<\/div>\n\t\t\t\t<\/div>\n\t\t<div class=\"elementor-element elementor-element-76b52626 e-flex e-con-boxed e-con e-parent\" data-id=\"76b52626\" data-element_type=\"container\">\n\t\t\t\t\t<div class=\"e-con-inner\">\n\t\t\t\t<div class=\"elementor-element elementor-element-cb4c7fe elementor-widget elementor-widget-html\" data-id=\"cb4c7fe\" data-element_type=\"widget\" data-widget_type=\"html.default\">\n\t\t\t\t<div class=\"elementor-widget-container\">\n\t\t\t                <div class=\"ml-embedded\" data-form=\"b1ocbV\"><\/div>\n            \t\t<\/div>\n\t\t\t\t<\/div>\n\t\t\t\t<div class=\"elementor-element elementor-element-30e5297 elementor-widget elementor-widget-heading\" data-id=\"30e5297\" data-element_type=\"widget\" data-widget_type=\"heading.default\">\n\t\t\t\t<div class=\"elementor-widget-container\">\n\t\t\t<h2 class=\"elementor-heading-title elementor-size-default\">Produkty<\/h2>\t\t<\/div>\n\t\t\t\t<\/div>\n\t\t<div class=\"elementor-element elementor-element-b2d7dbe e-con-full e-flex e-con e-child\" data-id=\"b2d7dbe\" data-element_type=\"container\">\n\t\t\t\t<div class=\"elementor-element elementor-element-43ed2439 elementor-widget-tablet__width-initial elementor-widget-mobile__width-inherit elementor-widget__width-initial elementor-position-top elementor-widget elementor-widget-image-box\" data-id=\"43ed2439\" data-element_type=\"widget\" data-widget_type=\"image-box.default\">\n\t\t\t\t<div class=\"elementor-widget-container\">\n\t\t\t<div class=\"elementor-image-box-wrapper\"><figure class=\"elementor-image-box-img\"><a href=\"https:\/\/motobajka.pl\/pl\/akcesoria-motocyklowe\/46-alpine-zatyczki-stopery-do-uszu-motosafe-tour.html\" target=\"_blank\" tabindex=\"-1\"><img fetchpriority=\"high\" decoding=\"async\" width=\"369\" height=\"436\" src=\"https:\/\/klub.motobajka.pl\/wp-content\/uploads\/2024\/09\/motosafe-tour-3.png\" class=\"elementor-animation-grow attachment-full size-full wp-image-143\" alt=\"\" srcset=\"https:\/\/klub.motobajka.pl\/wp-content\/uploads\/2024\/09\/motosafe-tour-3.png 369w, https:\/\/klub.motobajka.pl\/wp-content\/uploads\/2024\/09\/motosafe-tour-3-254x300.png 254w\" sizes=\"(max-width: 369px) 100vw, 369px\" \/><\/a><\/figure><div class=\"elementor-image-box-content\"><h4 class=\"elementor-image-box-title\"><a href=\"https:\/\/motobajka.pl\/pl\/akcesoria-motocyklowe\/46-alpine-zatyczki-stopery-do-uszu-motosafe-tour.html\" target=\"_blank\">Zatyczki do uszu MotoSafe TOUR <br><br>KOD z ulotki + alpine np. XY344alpine<\/a><\/h4><p class=\"elementor-image-box-description\">Chroni przed szkodliwym ha\u0142asem i zmniejsza zm\u0119czenie spowodowane przez szum wiatru<br><\/p><\/div><\/div>\t\t<\/div>\n\t\t\t\t<\/div>\n\t\t\t\t<div class=\"elementor-element elementor-element-4013ea92 elementor-widget-tablet__width-initial elementor-widget-mobile__width-inherit elementor-widget__width-initial elementor-position-top elementor-widget elementor-widget-image-box\" data-id=\"4013ea92\" data-element_type=\"widget\" data-widget_type=\"image-box.default\">\n\t\t\t\t<div class=\"elementor-widget-container\">\n\t\t\t<div class=\"elementor-image-box-wrapper\"><figure class=\"elementor-image-box-img\"><a href=\"https:\/\/motobajka.pl\/pl\/akcesoria-motocyklowe\/7976-ladowarka-2x-usb-motocyklowa-podwojna-premium-5906574670371.html\" target=\"_blank\" tabindex=\"-1\"><img decoding=\"async\" width=\"420\" height=\"437\" src=\"https:\/\/klub.motobajka.pl\/wp-content\/uploads\/2024\/09\/ladowarka-2.png\" class=\"elementor-animation-grow attachment-full size-full wp-image-140\" alt=\"\" srcset=\"https:\/\/klub.motobajka.pl\/wp-content\/uploads\/2024\/09\/ladowarka-2.png 420w, https:\/\/klub.motobajka.pl\/wp-content\/uploads\/2024\/09\/ladowarka-2-288x300.png 288w\" sizes=\"(max-width: 420px) 100vw, 420px\" \/><\/a><\/figure><div class=\"elementor-image-box-content\"><h4 class=\"elementor-image-box-title\"><a href=\"https:\/\/motobajka.pl\/pl\/akcesoria-motocyklowe\/7976-ladowarka-2x-usb-motocyklowa-podwojna-premium-5906574670371.html\" target=\"_blank\">\u0141adowarka podw\u00f3jna PREMIUM<br><br>KOD z ulotki + ladowarka np. XY344ladowarka<\/a><\/h4><p class=\"elementor-image-box-description\">Mo\u017cliwo\u015b\u0107 \u0142adowania dw\u00f3ch urz\u0105dze\u0144 jednocze\u015bnie, wodoodporna<\/p><\/div><\/div>\t\t<\/div>\n\t\t\t\t<\/div>\n\t\t\t\t<div class=\"elementor-element elementor-element-580d492f elementor-widget-tablet__width-initial elementor-widget-mobile__width-inherit elementor-widget__width-initial elementor-position-top elementor-widget elementor-widget-image-box\" data-id=\"580d492f\" data-element_type=\"widget\" data-widget_type=\"image-box.default\">\n\t\t\t\t<div class=\"elementor-widget-container\">\n\t\t\t<div class=\"elementor-image-box-wrapper\"><figure class=\"elementor-image-box-img\"><a href=\"https:\/\/motobajka.pl\/pl\/akcesoria-motocyklowe\/7974-interkom-motocyklowy-motom-intercom-do-kasku-i-motocykla-5906574670579.html\" target=\"_blank\" tabindex=\"-1\"><img decoding=\"async\" width=\"416\" height=\"438\" src=\"https:\/\/klub.motobajka.pl\/wp-content\/uploads\/2024\/09\/interkom.png\" class=\"elementor-animation-grow attachment-full size-full wp-image-141\" alt=\"\" srcset=\"https:\/\/klub.motobajka.pl\/wp-content\/uploads\/2024\/09\/interkom.png 416w, https:\/\/klub.motobajka.pl\/wp-content\/uploads\/2024\/09\/interkom-285x300.png 285w\" sizes=\"(max-width: 416px) 100vw, 416px\" \/><\/a><\/figure><div class=\"elementor-image-box-content\"><h4 class=\"elementor-image-box-title\"><a href=\"https:\/\/motobajka.pl\/pl\/akcesoria-motocyklowe\/7974-interkom-motocyklowy-motom-intercom-do-kasku-i-motocykla-5906574670579.html\" target=\"_blank\">Interkom motocyklowy MOTOM<br><br>KOD z ulotki + interkom np. XY344interkom<\/a><\/h4><p class=\"elementor-image-box-description\">Zasi\u0119g: do 1000m,\nczas pracy: do 17h rozmowy, do 240h czuwanie<\/p><\/div><\/div>\t\t<\/div>\n\t\t\t\t<\/div>\n\t\t\t\t<\/div>\n\t\t<div class=\"elementor-element elementor-element-4a1a06e e-con-full e-flex e-con e-child\" data-id=\"4a1a06e\" data-element_type=\"container\">\n\t\t<div class=\"elementor-element elementor-element-f910ba9 e-grid e-con-full e-con e-child\" data-id=\"f910ba9\" data-element_type=\"container\">\n\t\t\t\t<div class=\"elementor-element elementor-element-d598038 elementor-position-top elementor-widget elementor-widget-image-box\" data-id=\"d598038\" data-element_type=\"widget\" data-widget_type=\"image-box.default\">\n\t\t\t\t<div class=\"elementor-widget-container\">\n\t\t\t<div class=\"elementor-image-box-wrapper\"><figure class=\"elementor-image-box-img\"><a href=\"https:\/\/motobajka.pl\/pl\/torowe-akcesoria\/7914-koce-grzewcze-do-opon-irc-rise-wloskie.html\" target=\"_blank\" tabindex=\"-1\"><img loading=\"lazy\" decoding=\"async\" width=\"418\" height=\"438\" src=\"https:\/\/klub.motobajka.pl\/wp-content\/uploads\/2024\/09\/ogrzewacz.png\" class=\"attachment-full size-full wp-image-142\" alt=\"\" srcset=\"https:\/\/klub.motobajka.pl\/wp-content\/uploads\/2024\/09\/ogrzewacz.png 418w, https:\/\/klub.motobajka.pl\/wp-content\/uploads\/2024\/09\/ogrzewacz-286x300.png 286w\" sizes=\"(max-width: 418px) 100vw, 418px\" \/><\/a><\/figure><div class=\"elementor-image-box-content\"><h3 class=\"elementor-image-box-title\"><a href=\"https:\/\/motobajka.pl\/pl\/torowe-akcesoria\/7914-koce-grzewcze-do-opon-irc-rise-wloskie.html\" target=\"_blank\">Ogrzewacz do opon IRC<br><br>KOD z ulotki + alpine np. XY344alpine<\/a><\/h3><p class=\"elementor-image-box-description\">Termostat  - rozgrzewaj\u0105 do oko\u0142o 80-90 stopni,\n2 termostaty, r\u00f3wnomierne rozgrzewanie.<\/p><\/div><\/div>\t\t<\/div>\n\t\t\t\t<\/div>\n\t\t\t\t<\/div>\n\t\t\t\t<\/div>\n\t\t\t\t\t<\/div>\n\t\t\t\t<\/div>\n\t\t\t\t<\/div>\n\t\t","protected":false},"excerpt":{"rendered":"<p>OKAZJE MOTOBAJKI Doceniamy, \u017ce skorzysta\u0142e\u015b z naszej oferty. Mo\u017cesz teraz kupi\u0107 w ci\u0105gu 7 dni od zakupu te produkty w niesamowicie niskich cenach z kodem zni\u017ckowym znajduj\u0105cym si\u0119 na ulotce SKLEP Produkty Zatyczki do uszu MotoSafe TOUR KOD z ulotki + alpine np. XY344alpine Chroni przed szkodliwym ha\u0142asem i zmniejsza zm\u0119czenie spowodowane przez szum wiatru [&hellip;]<\/p>\n","protected":false},"author":1,"featured_media":0,"parent":0,"menu_order":0,"comment_status":"closed","ping_status":"closed","template":"elementor_header_footer","meta":{"footnotes":""},"class_list":["post-34","page","type-page","status-publish","hentry"],"_links":{"self":[{"href":"https:\/\/klub.motobajka.pl\/index.php\/wp-json\/wp\/v2\/pages\/34"}],"collection":[{"href":"https:\/\/klub.motobajka.pl\/index.php\/wp-json\/wp\/v2\/pages"}],"about":[{"href":"https:\/\/klub.motobajka.pl\/index.php\/wp-json\/wp\/v2\/types\/page"}],"author":[{"embeddable":true,"href":"https:\/\/klub.motobajka.pl\/index.php\/wp-json\/wp\/v2\/users\/1"}],"replies":[{"embeddable":true,"href":"https:\/\/klub.motobajka.pl\/index.php\/wp-json\/wp\/v2\/comments?post=34"}],"version-history":[{"count":109,"href":"https:\/\/klub.motobajka.pl\/index.php\/wp-json\/wp\/v2\/pages\/34\/revisions"}],"predecessor-version":[{"id":235,"href":"https:\/\/klub.motobajka.pl\/index.php\/wp-json\/wp\/v2\/pages\/34\/revisions\/235"}],"wp:attachment":[{"href":"https:\/\/klub.motobajka.pl\/index.php\/wp-json\/wp\/v2\/media?parent=34"}],"curies":[{"name":"wp","href":"https:\/\/api.w.org\/{rel}","templated":true}]}}